{"id":15,"date":"2019-02-22T13:43:12","date_gmt":"2019-02-22T12:43:12","guid":{"rendered":"http:\/\/www.gruene-bag-verkehr.de\/?page_id=15"},"modified":"2023-04-11T18:33:46","modified_gmt":"2023-04-11T16:33:46","slug":"unsere-arbeit","status":"publish","type":"page","link":"https:\/\/www.gruene-bag-verkehr.de\/?page_id=15","title":{"rendered":"\u00dcber uns"},"content":{"rendered":"\n<p><strong>Die BAG <\/strong><\/p>\n\n\n\n<p>Als Fachgruppe aus Expert*innen zum Themenkomplex Mobilit\u00e4t und Verkehr fungiert die Bundesarbeitsgemeinschaft, zusammen mit ihren Schwestern zu anderen Themen, als Think Tank und Denkfabrik. Expertise zu Mobilit\u00e4t und Verkehr von Menschen aus Praxis, Politik und Wissenschaft werden hier geb\u00fcndelt. Unsere Aufgabe besteht vornehmlich darin, die Bundespartei in verkehrs- und mobilit\u00e4tspolitischen Fragen zu beraten, Antr\u00e4ge einzubringen und politische Ziele zu entwickeln. Dar\u00fcber hinaus f\u00fchren wir fachliche und konzeptionelle Diskussionen mit den anderen Bundesarbeitsgemeinschaften sowie mit Funktions- und Mandatstr\u00e4ger*innen. <\/p>\n\n\n\n<p><strong>Bewegung in bewegten Zeiten<\/strong><br><strong>Standortbestimmung<\/strong> <\/p>\n\n\n\n<p>Wir bewegen uns im Spannungsfeld zwischen dem realpolitisch\nDurchsetzbaren und dem machbaren Narrativ eines anderen Selbstverst\u00e4ndnisses\nvon Mobilit\u00e4t. Das \u201eandere Selbstverst\u00e4ndnis\u201c orientiert sich an den\nnat\u00fcrlichen Grenzen unseres Planeten, menschlichen Bed\u00fcrfnissen und einer\nWirtschaftsweise, die diese Grenzen respektiert und Konzepte zur \u00dcberwindung\nunseres Raubtierkapitalismus in Handeln einbezieht.<\/p>\n\n\n\n<p>Wie m\u00fcssen wir St\u00e4dte f\u00fcr die Menschen \u00f6kologisch umbauen? Welche\nFahrzeuge werden wir zur Vereinfachung des Lebensalltags verwenden? Wie\n\u00fcberwinden wir unsere autoorientierte Sozialisation und Gew\u00f6hnung ans Kfz? Wie\nlassen sich in einem zunehmend deregulierten Markt Transportketten deutlich\nverk\u00fcrzen und Lasten sich so verteilen, dass tats\u00e4chliche Kosten, sprich\nEmissionen, Transport und gerechter Lohn sich im Preis eines Produkts\nwiderspiegeln?<\/p>\n\n\n\n<p>Wir m\u00f6chten aktiv daran mitwirken, die vor uns liegenden Probleme\nzu bew\u00e4ltigen, und zwar gestaltend, bevor das Desaster keinen Ausweg l\u00e4sst als\ndrastische Ma\u00dfnahmen zu ergreifen.<\/p>\n\n\n<p><strong>Die Akteur*innen<\/strong><\/p>\n\n\n<p>Die BAG wird inhaltlich und organisatorisch vorbereitet von einer Sprecherin und einem Sprecher und dem Sprecher*innenteam, das f\u00fcr jeweils zwei Jahre gew\u00e4hlt wird. <\/p>\n\n\n\n<p><a href=\"https:\/\/www.gruene-bag-verkehr.de\/?page_id=73\">Hier <\/a>findest du unsere aktuellen Ansprechpartner*innen.<\/p>\n\n\n\n<p>Zu den Sitzungen kommen i.d.R. Delegierte aus allen Bundesl\u00e4ndern. Diese werden von den dortigen LAGs entsandt. Au\u00dferdem kommen h\u00e4ufig auch Ersatzdelegierte, weitere Interessierte und Vertreter*innen der GR\u00dcNEN JUGEND zu unseren Treffen und sorgen f\u00fcr spannende Diskussionen.<\/p>\n\n\n\n<p>Zu Gast haben wir neben Expert*innen aus Wissenschaft und Praxis auch immer Abgeordnete aus EU-Parlament, Bundestag und diversen Landtagen. <\/p>\n\n\n\n<p><\/p>\n\n\n\n<p><strong>Wie arbeitet die BAG?<\/strong><\/p>\n\n\n\n<p>Die BAG MoVe tagt mindestens zweimal im Jahr: Grunds\u00e4tzlich im Fr\u00fchjahr in Berlin und im Herbst an wechselnden Orten. Zu speziellen Themen bilden sich nach Bedarf Unterarbeitsgruppen. Daneben kann Entscheidungsfindung durch online-Prozesse wie Mailinglist-Debatten stattfinden. Die BAG setzt sich gem\u00e4\u00df&nbsp;<a href=\"https:\/\/www.gruene.de\/fileadmin\/user_upload\/Dokumente\/BAG-Statut-2012.pdf\">BAG-Statut<\/a> zusammen aus den L\u00e4nderdelegierten der Partei, einer Person des Bundesverbandes der GR\u00dcNEN JUGEND sowie Mitgliedern aus den Landesparlamenten, dem Bundestag und dem Europ\u00e4ischen Parlament. Weitere Mitglieder k\u00f6nnen so genannte \u201ekooptierte\u201c, also hinzugew\u00e4hlte, Mitglieder sein. Daneben nehmen seit 2021 Delegierte der LAGs H\u00e4fen und Schifffahrt (Bremen) und H\u00e4fen, Schifffahrt und K\u00fcstenschutz (Niedersachsen) beratend an unseren Sitzungen teil.<\/p>\n\n\n\n<p>F\u00fcr jeweils zwei Jahre legen die Delegierten der BAG ihre Arbeitsliste fest und delegieren die Vorbereitungen f\u00fcr die BAG-Sitzungen an die Sprecher*innen. Neben den parteiinternen Diskussions- und Arbeitsprozessen, z.B. zum Bundestagswahlprogramm, zu Arbeitsschwerpunkten Landtagsfraktionen und Bundestagsfraktion, sind dies vor allem wissenschaftliche Fachbeitr\u00e4ge zu soziologischen, \u00f6kologischen, technologischen und \u00f6konomischen Fragestellungen.<\/p>\n\n\n\n<p>Die Sprecher*innen der BAG nehmen ihre Arbeit ehrenamtlich neben einem Hauptberuf wahr. Eine organisatorische Unterst\u00fctzung seitens der Partei beschr\u00e4nkt sich auf die j\u00e4hrliche Bereitstellung von R\u00e4umlichkeiten und ein kleines Veranstaltungsbudget. Wir bitten daher darum, Verz\u00f6gerungen bei Anfragen oder teils veraltete Informationen auf der Webseite zu entschuldigen. Mehr zu unseren Themen findet sich auf den Unterseiten Unsere Themen oder Unsere Dokumente. Das &#8222;Grundsatzprogramm&#8220; der BAG ist unsere 16-seitige Ideensammlung zur Bundestagswahl, diese befindet sich hier.<\/p>\n\n\n\n<p><strong>Thematische Arbeitskreise innerhalb der BAG<\/strong><\/p>\n\n\n\n<p>Bei der Planung von Themenabenden oder im Anschluss an diese bilden immer wieder interessierte BAG-Mitglieder eine Arbeitsgruppe und setzen ihre Zusammenarbeit fort. Sie definieren Ziele, beschreiben ihre Arbeitsweise und wollen Positionen oder weitere Aktivit\u00e4ten der BAG vorbereiten. Diese AKs der BAG Mobilit\u00e4t stehen allen offen. <a href=\"https:\/\/www.gruene-bag-verkehr.de\/?page_id=488\">AK Drohnen<\/a>, <a href=\"https:\/\/www.gruene-bag-verkehr.de\/?page_id=416\">AK Klima &amp; Verkehr<\/a> und <a href=\"https:\/\/www.gruene-bag-verkehr.de\/?page_id=403\">AK \u00d6PNV-Finanzierung<\/a>.<\/p>\n\n\n\n<p><a><\/a><strong>Landesarbeitsgemeinschaften Mobilit\u00e4t und Verkehr<\/strong><\/p>\n\n\n\n<p>Wir arbeitet eng mit den bestehenden Landesarbeitsgemeinschaften f\u00fcr Mobilit\u00e4t und Verkehr zusammen und unterst\u00fctzen deren Vernetzung. Hier gibt es die <a href=\"https:\/\/www.gruene-bag-verkehr.de\/?page_id=604\">Kontakte zu den LAGs<\/a>.<\/p>\n\n\n\n<p><strong>Kritische Plattform statt Mainstream<\/strong><\/p>\n\n\n\n<p>Das Angebot aus realpolitischer Arbeit in den Parlamenten, den\nVerwaltungen, der parteipolitischen Arbeit in den Landesvorst\u00e4nden, dem\nBundesvorstand und der GR\u00dcNEN JUGEND sowie dem gesellschaftlichen und\nwissenschaftlichen Diskurs quer durch die Bandbreite relevanter Fragestellungen\n(u.a. Mobilit\u00e4t und Transport in Zukunft) gew\u00e4hrleistet die kritische und\nfachkompetente Begleitung parteiinterner Programmatik und ihrer Umsetzung in\nden Parlamenten.<\/p>\n\n\n\n<p><strong>Veranstaltungen der Bundesarbeitsgemeinschaft<\/strong><\/p>\n\n\n\n<ul>\n<li>Regul\u00e4re BAG-Sitzungen an wechselnden Orten zweimal im Jahr <\/li>\n\n\n\n<li>Monatliche virtuelle Themenabende zu verschiedenen Themen<\/li>\n\n\n\n<li>Kooperation mit anderen BAGs zur Planung und Durchf\u00fchrung wichtiger Veranstaltungen (z.B. Konvent \u201eEnergiewende und Sektorenkopplung\u201c, Juni 2018 Kassel in Kooperation mit den BAGs Energie, Bauen\/Planen\/Wohnen)<\/li>\n\n\n\n<li>Veranstaltungen, Vortr\u00e4ge u.a. (z.B. mit der Heinrich-B\u00f6ll-Stiftung zur Diskussion elektrobatteriebetriebener Busantrieb, Februar 2018 Berlin; mit der Initiative \u201eStadt f\u00fcr Menschen, \u201eChanging Cities\u201c einen Veranstaltung zur Stadt ohne Auto, Februar 2019 &#8230;)<\/li>\n<\/ul>\n\n\n\n<p><\/p>\n\n\n\n<p>Zur Diskussion und der Vorbereitung von Tagungen und Themen nutzen wir&nbsp;<a rel=\"noreferrer noopener\" aria-label=\" (\u00f6ffnet in neuem Tab)\" href=\"http:\/\/netz.gruene.de\" target=\"_blank\">unsere Gruppe im Gr\u00fcnen Net<\/a><a href=\"http:\/\/netz.gruene.de\" target=\"_blank\" rel=\"noreferrer noopener\" aria-label=\" (\u00f6ffnet in neuem Tab)\">z<\/a> \u2013 dem elektronische soziale Netzwerk der GR\u00dcNEN. Dort findet sich auch das Dokumentarchiv mit Protokollen, Positionspapieren und mehr. Parteimitglieder k\u00f6nnen sich dort anmelden, bitte haltet daf\u00fcr eure Benutzer*innennamen und das Passwort parat.<\/p>\n\n\n\n<figure class=\"wp-block-image\"><img decoding=\"async\" loading=\"lazy\" width=\"800\" height=\"450\" src=\"https:\/\/www.gruene-bag-verkehr.de\/wp-content\/uploads\/2019\/02\/Rob-Dammers-flickr-800x450.jpg\" alt=\"\" class=\"wp-image-107\" srcset=\"https:\/\/www.gruene-bag-verkehr.de\/wp-content\/uploads\/2019\/02\/Rob-Dammers-flickr-800x450.jpg 800w, https:\/\/www.gruene-bag-verkehr.de\/wp-content\/uploads\/2019\/02\/Rob-Dammers-flickr-400x225.jpg 400w, https:\/\/www.gruene-bag-verkehr.de\/wp-content\/uploads\/2019\/02\/Rob-Dammers-flickr-768x432.jpg 768w, https:\/\/www.gruene-bag-verkehr.de\/wp-content\/uploads\/2019\/02\/Rob-Dammers-flickr-150x84.jpg 150w\" sizes=\"(max-width: 800px) 100vw, 800px\" \/><figcaption class=\"wp-element-caption\">CC Rob Dammers (flickr)<\/figcaption><\/figure>\n\n\n\n<p><\/p>\n","protected":false},"excerpt":{"rendered":"<p>Die BAG Als Fachgruppe aus Expert*innen zum Themenkomplex Mobilit\u00e4t und Verkehr fungiert die Bundesarbeitsgemeinschaft, zusammen mit ihren Schwestern zu anderen Themen, als Think Tank und Denkfabrik. Expertise zu Mobilit\u00e4t und&#8230; <\/p>\n","protected":false},"author":3,"featured_media":0,"parent":0,"menu_order":2,"comment_status":"closed","ping_status":"closed","template":"","meta":[],"_links":{"self":[{"href":"https:\/\/www.gruene-bag-verkehr.de\/index.php?rest_route=\/wp\/v2\/pages\/15"}],"collection":[{"href":"https:\/\/www.gruene-bag-verkehr.de\/index.php?rest_route=\/wp\/v2\/pages"}],"about":[{"href":"https:\/\/www.gruene-bag-verkehr.de\/index.php?rest_route=\/wp\/v2\/types\/page"}],"author":[{"embeddable":true,"href":"https:\/\/www.gruene-bag-verkehr.de\/index.php?rest_route=\/wp\/v2\/users\/3"}],"replies":[{"embeddable":true,"href":"https:\/\/www.gruene-bag-verkehr.de\/index.php?rest_route=%2Fwp%2Fv2%2Fcomments&post=15"}],"version-history":[{"count":30,"href":"https:\/\/www.gruene-bag-verkehr.de\/index.php?rest_route=\/wp\/v2\/pages\/15\/revisions"}],"predecessor-version":[{"id":652,"href":"https:\/\/www.gruene-bag-verkehr.de\/index.php?rest_route=\/wp\/v2\/pages\/15\/revisions\/652"}],"wp:attachment":[{"href":"https:\/\/www.gruene-bag-verkehr.de\/index.php?rest_route=%2Fwp%2Fv2%2Fmedia&parent=15"}],"curies":[{"name":"wp","href":"https:\/\/api.w.org\/{rel}","templated":true}]}}

Über uns

<p><strong>Die BAG </strong></p>



<p>Als Fachgruppe aus Expert*innen zum Themenkomplex Mobilität und Verkehr fungiert die Bundesarbeitsgemeinschaft, zusammen mit ihren Schwestern zu anderen Themen, als Think Tank und Denkfabrik. Expertise zu Mobilität und Verkehr von Menschen aus Praxis, Politik und Wissenschaft werden hier gebündelt. Unsere Aufgabe besteht vornehmlich darin, die Bundespartei in verkehrs- und mobilitätspolitischen Fragen zu beraten, Anträge einzubringen und politische Ziele zu entwickeln. Darüber hinaus führen wir fachliche und konzeptionelle Diskussionen mit den anderen Bundesarbeitsgemeinschaften sowie mit Funktions- und Mandatsträger*innen. </p>



<p><strong>Bewegung in bewegten Zeiten</strong><br><strong>Standortbestimmung</strong> </p>



<p>Wir bewegen uns im Spannungsfeld zwischen dem realpolitisch
Durchsetzbaren und dem machbaren Narrativ eines anderen Selbstverständnisses
von Mobilität. Das „andere Selbstverständnis“ orientiert sich an den
natürlichen Grenzen unseres Planeten, menschlichen Bedürfnissen und einer
Wirtschaftsweise, die diese Grenzen respektiert und Konzepte zur Überwindung
unseres Raubtierkapitalismus in Handeln einbezieht.</p>



<p>Wie müssen wir Städte für die Menschen ökologisch umbauen? Welche
Fahrzeuge werden wir zur Vereinfachung des Lebensalltags verwenden? Wie
überwinden wir unsere autoorientierte Sozialisation und Gewöhnung ans Kfz? Wie
lassen sich in einem zunehmend deregulierten Markt Transportketten deutlich
verkürzen und Lasten sich so verteilen, dass tatsächliche Kosten, sprich
Emissionen, Transport und gerechter Lohn sich im Preis eines Produkts
widerspiegeln?</p>



<p>Wir möchten aktiv daran mitwirken, die vor uns liegenden Probleme
zu bewältigen, und zwar gestaltend, bevor das Desaster keinen Ausweg lässt als
drastische Maßnahmen zu ergreifen.</p>


<p><strong>Die Akteur*innen</strong></p>


<p>Die BAG wird inhaltlich und organisatorisch vorbereitet von einer Sprecherin und einem Sprecher und dem Sprecher*innenteam, das für jeweils zwei Jahre gewählt wird. </p>



<p><a href="https://www.gruene-bag-verkehr.de/?page_id=73">Hier </a>findest du unsere aktuellen Ansprechpartner*innen.</p>



<p>Zu den Sitzungen kommen i.d.R. Delegierte aus allen Bundesländern. Diese werden von den dortigen LAGs entsandt. Außerdem kommen häufig auch Ersatzdelegierte, weitere Interessierte und Vertreter*innen der GRÜNEN JUGEND zu unseren Treffen und sorgen für spannende Diskussionen.</p>



<p>Zu Gast haben wir neben Expert*innen aus Wissenschaft und Praxis auch immer Abgeordnete aus EU-Parlament, Bundestag und diversen Landtagen. </p>



<p></p>



<p><strong>Wie arbeitet die BAG?</strong></p>



<p>Die BAG MoVe tagt mindestens zweimal im Jahr: Grundsätzlich im Frühjahr in Berlin und im Herbst an wechselnden Orten. Zu speziellen Themen bilden sich nach Bedarf Unterarbeitsgruppen. Daneben kann Entscheidungsfindung durch online-Prozesse wie Mailinglist-Debatten stattfinden. Die BAG setzt sich gemäß&nbsp;<a href="https://www.gruene.de/fileadmin/user_upload/Dokumente/BAG-Statut-2012.pdf">BAG-Statut</a> zusammen aus den Länderdelegierten der Partei, einer Person des Bundesverbandes der GRÜNEN JUGEND sowie Mitgliedern aus den Landesparlamenten, dem Bundestag und dem Europäischen Parlament. Weitere Mitglieder können so genannte „kooptierte“, also hinzugewählte, Mitglieder sein. Daneben nehmen seit 2021 Delegierte der LAGs Häfen und Schifffahrt (Bremen) und Häfen, Schifffahrt und Küstenschutz (Niedersachsen) beratend an unseren Sitzungen teil.</p>



<p>Für jeweils zwei Jahre legen die Delegierten der BAG ihre Arbeitsliste fest und delegieren die Vorbereitungen für die BAG-Sitzungen an die Sprecher*innen. Neben den parteiinternen Diskussions- und Arbeitsprozessen, z.B. zum Bundestagswahlprogramm, zu Arbeitsschwerpunkten Landtagsfraktionen und Bundestagsfraktion, sind dies vor allem wissenschaftliche Fachbeiträge zu soziologischen, ökologischen, technologischen und ökonomischen Fragestellungen.</p>



<p>Die Sprecher*innen der BAG nehmen ihre Arbeit ehrenamtlich neben einem Hauptberuf wahr. Eine organisatorische Unterstützung seitens der Partei beschränkt sich auf die jährliche Bereitstellung von Räumlichkeiten und ein kleines Veranstaltungsbudget. Wir bitten daher darum, Verzögerungen bei Anfragen oder teils veraltete Informationen auf der Webseite zu entschuldigen. Mehr zu unseren Themen findet sich auf den Unterseiten Unsere Themen oder Unsere Dokumente. Das &#8222;Grundsatzprogramm&#8220; der BAG ist unsere 16-seitige Ideensammlung zur Bundestagswahl, diese befindet sich hier.</p>



<p><strong>Thematische Arbeitskreise innerhalb der BAG</strong></p>



<p>Bei der Planung von Themenabenden oder im Anschluss an diese bilden immer wieder interessierte BAG-Mitglieder eine Arbeitsgruppe und setzen ihre Zusammenarbeit fort. Sie definieren Ziele, beschreiben ihre Arbeitsweise und wollen Positionen oder weitere Aktivitäten der BAG vorbereiten. Diese AKs der BAG Mobilität stehen allen offen. <a href="https://www.gruene-bag-verkehr.de/?page_id=488">AK Drohnen</a>, <a href="https://www.gruene-bag-verkehr.de/?page_id=416">AK Klima &amp; Verkehr</a> und <a href="https://www.gruene-bag-verkehr.de/?page_id=403">AK ÖPNV-Finanzierung</a>.</p>



<p><a></a><strong>Landesarbeitsgemeinschaften Mobilität und Verkehr</strong></p>



<p>Wir arbeitet eng mit den bestehenden Landesarbeitsgemeinschaften für Mobilität und Verkehr zusammen und unterstützen deren Vernetzung. Hier gibt es die <a href="https://www.gruene-bag-verkehr.de/?page_id=604">Kontakte zu den LAGs</a>.</p>



<p><strong>Kritische Plattform statt Mainstream</strong></p>



<p>Das Angebot aus realpolitischer Arbeit in den Parlamenten, den
Verwaltungen, der parteipolitischen Arbeit in den Landesvorständen, dem
Bundesvorstand und der GRÜNEN JUGEND sowie dem gesellschaftlichen und
wissenschaftlichen Diskurs quer durch die Bandbreite relevanter Fragestellungen
(u.a. Mobilität und Transport in Zukunft) gewährleistet die kritische und
fachkompetente Begleitung parteiinterner Programmatik und ihrer Umsetzung in
den Parlamenten.</p>



<p><strong>Veranstaltungen der Bundesarbeitsgemeinschaft</strong></p>



<ul>
<li>Reguläre BAG-Sitzungen an wechselnden Orten zweimal im Jahr </li>



<li>Monatliche virtuelle Themenabende zu verschiedenen Themen</li>



<li>Kooperation mit anderen BAGs zur Planung und Durchführung wichtiger Veranstaltungen (z.B. Konvent „Energiewende und Sektorenkopplung“, Juni 2018 Kassel in Kooperation mit den BAGs Energie, Bauen/Planen/Wohnen)</li>



<li>Veranstaltungen, Vorträge u.a. (z.B. mit der Heinrich-Böll-Stiftung zur Diskussion elektrobatteriebetriebener Busantrieb, Februar 2018 Berlin; mit der Initiative „Stadt für Menschen, „Changing Cities“ einen Veranstaltung zur Stadt ohne Auto, Februar 2019 &#8230;)</li>
</ul>



<p></p>



<p>Zur Diskussion und der Vorbereitung von Tagungen und Themen nutzen wir&nbsp;<a rel="noreferrer noopener" aria-label=" (öffnet in neuem Tab)" href="http://netz.gruene.de" target="_blank">unsere Gruppe im Grünen Net</a><a href="http://netz.gruene.de" target="_blank" rel="noreferrer noopener" aria-label=" (öffnet in neuem Tab)">z</a> – dem elektronische soziale Netzwerk der GRÜNEN. Dort findet sich auch das Dokumentarchiv mit Protokollen, Positionspapieren und mehr. Parteimitglieder können sich dort anmelden, bitte haltet dafür eure Benutzer*innennamen und das Passwort parat.</p>



<figure class="wp-block-image"><img decoding="async" loading="lazy" width="800" height="450" src="https://www.gruene-bag-verkehr.de/wp-content/uploads/2019/02/Rob-Dammers-flickr-800x450.jpg" alt="" class="wp-image-107" srcset="https://www.gruene-bag-verkehr.de/wp-content/uploads/2019/02/Rob-Dammers-flickr-800x450.jpg 800w, https://www.gruene-bag-verkehr.de/wp-content/uploads/2019/02/Rob-Dammers-flickr-400x225.jpg 400w, https://www.gruene-bag-verkehr.de/wp-content/uploads/2019/02/Rob-Dammers-flickr-768x432.jpg 768w, https://www.gruene-bag-verkehr.de/wp-content/uploads/2019/02/Rob-Dammers-flickr-150x84.jpg 150w" sizes="(max-width: 800px) 100vw, 800px" /><figcaption class="wp-element-caption">CC Rob Dammers (flickr)</figcaption></figure>



<p></p>

<p>Die BAG Als Fachgruppe aus Expert*innen zum Themenkomplex Mobilität und Verkehr fungiert die Bundesarbeitsgemeinschaft, zusammen mit ihren Schwestern zu anderen Themen, als Think Tank und Denkfabrik. Expertise zu Mobilität und&#8230; </p>
