{"id":403,"date":"2022-11-18T19:02:25","date_gmt":"2022-11-18T18:02:25","guid":{"rendered":"https:\/\/www.gruene-bag-verkehr.de\/?page_id=403"},"modified":"2023-04-11T18:29:44","modified_gmt":"2023-04-11T16:29:44","slug":"oepnv","status":"publish","type":"page","link":"https:\/\/www.gruene-bag-verkehr.de\/?page_id=403","title":{"rendered":"\u00d6PNV"},"content":{"rendered":"\n<p>Im November 2022 hat sich ein AK gebildet, der den Austausch zu verschiedenen aktuellen und k\u00fcnftigen Modellen der \u00d6PNV-Finanzierung und die Informierung der BAG-Mitglieder dar\u00fcber zum Ziel hat. Themen, die bearbeitet werden: <\/p>\n\n\n\n<p>\u2022 Finanzfl\u00fcsse zur Finanzierung des \u00d6PNVs (Wie etwa durch eine Maut) <\/p>\n\n\n\n<p>\u2022 Abgabenstruktur zur Finanzierung des \u00d6PNVs <\/p>\n\n\n\n<p>Arbeitsweise: Online Treffen, Austausch von e-mails, Telefonate. Kontakt: finn.gleichmann (at) gmail.com<\/p>\n\n\n\n<p>Weitere Diskussionen zum Thema \u00d6PNV finden in unseren Kommunikationskan\u00e4len statt, abgestimmte Beschl\u00fcsse und Positionen zu diesem Themenbereich finden sich unter <a href=\"https:\/\/www.gruene-bag-verkehr.de\/?page_id=451\" data-type=\"URL\" data-id=\"https:\/\/www.gruene-bag-verkehr.de\/?page_id=451\">Dokumente<\/a>, vor allem in der Ideensammlung <a href=\"https:\/\/www.gruene-bag-verkehr.de\/wp-content\/uploads\/2021\/02\/Ideensammlung-BAG-MoVe-BTW2021.pdf\" data-type=\"URL\" data-id=\"https:\/\/www.gruene-bag-verkehr.de\/wp-content\/uploads\/2021\/02\/Ideensammlung-BAG-MoVe-BTW2021.pdf\">zur Bundestagswahl<\/a>.  <\/p>\n","protected":false},"excerpt":{"rendered":"<p>Im November 2022 hat sich ein AK gebildet, der den Austausch zu verschiedenen aktuellen und k\u00fcnftigen Modellen der \u00d6PNV-Finanzierung und die Informierung der BAG-Mitglieder dar\u00fcber zum Ziel hat. Themen, die&#8230; <\/p>\n","protected":false},"author":9,"featured_media":0,"parent":17,"menu_order":1,"comment_status":"closed","ping_status":"closed","template":"","meta":[],"_links":{"self":[{"href":"https:\/\/www.gruene-bag-verkehr.de\/index.php?rest_route=\/wp\/v2\/pages\/403"}],"collection":[{"href":"https:\/\/www.gruene-bag-verkehr.de\/index.php?rest_route=\/wp\/v2\/pages"}],"about":[{"href":"https:\/\/www.gruene-bag-verkehr.de\/index.php?rest_route=\/wp\/v2\/types\/page"}],"author":[{"embeddable":true,"href":"https:\/\/www.gruene-bag-verkehr.de\/index.php?rest_route=\/wp\/v2\/users\/9"}],"replies":[{"embeddable":true,"href":"https:\/\/www.gruene-bag-verkehr.de\/index.php?rest_route=%2Fwp%2Fv2%2Fcomments&post=403"}],"version-history":[{"count":9,"href":"https:\/\/www.gruene-bag-verkehr.de\/index.php?rest_route=\/wp\/v2\/pages\/403\/revisions"}],"predecessor-version":[{"id":621,"href":"https:\/\/www.gruene-bag-verkehr.de\/index.php?rest_route=\/wp\/v2\/pages\/403\/revisions\/621"}],"up":[{"embeddable":true,"href":"https:\/\/www.gruene-bag-verkehr.de\/index.php?rest_route=\/wp\/v2\/pages\/17"}],"wp:attachment":[{"href":"https:\/\/www.gruene-bag-verkehr.de\/index.php?rest_route=%2Fwp%2Fv2%2Fmedia&parent=403"}],"curies":[{"name":"wp","href":"https:\/\/api.w.org\/{rel}","templated":true}]}}

ÖPNV

<p>Im November 2022 hat sich ein AK gebildet, der den Austausch zu verschiedenen aktuellen und künftigen Modellen der ÖPNV-Finanzierung und die Informierung der BAG-Mitglieder darüber zum Ziel hat. Themen, die bearbeitet werden: </p>



<p>• Finanzflüsse zur Finanzierung des ÖPNVs (Wie etwa durch eine Maut) </p>



<p>• Abgabenstruktur zur Finanzierung des ÖPNVs </p>



<p>Arbeitsweise: Online Treffen, Austausch von e-mails, Telefonate. Kontakt: finn.gleichmann (at) gmail.com</p>



<p>Weitere Diskussionen zum Thema ÖPNV finden in unseren Kommunikationskanälen statt, abgestimmte Beschlüsse und Positionen zu diesem Themenbereich finden sich unter <a href="https://www.gruene-bag-verkehr.de/?page_id=451" data-type="URL" data-id="https://www.gruene-bag-verkehr.de/?page_id=451">Dokumente</a>, vor allem in der Ideensammlung <a href="https://www.gruene-bag-verkehr.de/wp-content/uploads/2021/02/Ideensammlung-BAG-MoVe-BTW2021.pdf" data-type="URL" data-id="https://www.gruene-bag-verkehr.de/wp-content/uploads/2021/02/Ideensammlung-BAG-MoVe-BTW2021.pdf">zur Bundestagswahl</a>.  </p>

<p>Im November 2022 hat sich ein AK gebildet, der den Austausch zu verschiedenen aktuellen und künftigen Modellen der ÖPNV-Finanzierung und die Informierung der BAG-Mitglieder darüber zum Ziel hat. Themen, die&#8230; </p>
