{"id":414,"date":"2022-11-18T19:20:37","date_gmt":"2022-11-18T18:20:37","guid":{"rendered":"https:\/\/www.gruene-bag-verkehr.de\/?page_id=414"},"modified":"2022-12-07T17:06:37","modified_gmt":"2022-12-07T16:06:37","slug":"anwohnerparken","status":"publish","type":"page","link":"https:\/\/www.gruene-bag-verkehr.de\/?page_id=414","title":{"rendered":"Bewohner*innenparken"},"content":{"rendered":"\n<p>Seit der Liberalisierung der Bewohner*innenparkgeb\u00fchren hat sich viel getan. Viele Kommunen sind voran gegangen und haben verschiedene Regelungen f\u00fcr das Bewohner*innenparken eingef\u00fchrt. Eine aktuelle \u00dcbersicht \u00fcber neue Parkgeb\u00fchren, die durch Kommunen selbst festgesetzt werden, finden sich in einer Zusammenstellung auf der Seite <a href=\"https:\/\/www.gruene-bag-verkehr.de\/?page_id=451\" data-type=\"URL\" data-id=\"https:\/\/www.gruene-bag-verkehr.de\/?page_id=451\">Dokumente<\/a>.<\/p>\n","protected":false},"excerpt":{"rendered":"<p>Seit der Liberalisierung der Bewohner*innenparkgeb\u00fchren hat sich viel getan. Viele Kommunen sind voran gegangen und haben verschiedene Regelungen f\u00fcr das Bewohner*innenparken eingef\u00fchrt. Eine aktuelle \u00dcbersicht \u00fcber neue Parkgeb\u00fchren, die durch&#8230; <\/p>\n","protected":false},"author":9,"featured_media":0,"parent":412,"menu_order":0,"comment_status":"closed","ping_status":"closed","template":"","meta":[],"_links":{"self":[{"href":"https:\/\/www.gruene-bag-verkehr.de\/index.php?rest_route=\/wp\/v2\/pages\/414"}],"collection":[{"href":"https:\/\/www.gruene-bag-verkehr.de\/index.php?rest_route=\/wp\/v2\/pages"}],"about":[{"href":"https:\/\/www.gruene-bag-verkehr.de\/index.php?rest_route=\/wp\/v2\/types\/page"}],"author":[{"embeddable":true,"href":"https:\/\/www.gruene-bag-verkehr.de\/index.php?rest_route=\/wp\/v2\/users\/9"}],"replies":[{"embeddable":true,"href":"https:\/\/www.gruene-bag-verkehr.de\/index.php?rest_route=%2Fwp%2Fv2%2Fcomments&post=414"}],"version-history":[{"count":5,"href":"https:\/\/www.gruene-bag-verkehr.de\/index.php?rest_route=\/wp\/v2\/pages\/414\/revisions"}],"predecessor-version":[{"id":524,"href":"https:\/\/www.gruene-bag-verkehr.de\/index.php?rest_route=\/wp\/v2\/pages\/414\/revisions\/524"}],"up":[{"embeddable":true,"href":"https:\/\/www.gruene-bag-verkehr.de\/index.php?rest_route=\/wp\/v2\/pages\/412"}],"wp:attachment":[{"href":"https:\/\/www.gruene-bag-verkehr.de\/index.php?rest_route=%2Fwp%2Fv2%2Fmedia&parent=414"}],"curies":[{"name":"wp","href":"https:\/\/api.w.org\/{rel}","templated":true}]}}

<p>Seit der Liberalisierung der Bewohner*innenparkgebühren hat sich viel getan. Viele Kommunen sind voran gegangen und haben verschiedene Regelungen für das Bewohner*innenparken eingeführt. Eine aktuelle Übersicht über neue Parkgebühren, die durch Kommunen selbst festgesetzt werden, finden sich in einer Zusammenstellung auf der Seite <a href="https://www.gruene-bag-verkehr.de/?page_id=451" data-type="URL" data-id="https://www.gruene-bag-verkehr.de/?page_id=451">Dokumente</a>.</p>

<p>Seit der Liberalisierung der Bewohner*innenparkgebühren hat sich viel getan. Viele Kommunen sind voran gegangen und haben verschiedene Regelungen für das Bewohner*innenparken eingeführt. Eine aktuelle Übersicht über neue Parkgebühren, die durch&#8230; </p>
