{"id":488,"date":"2022-12-07T16:38:17","date_gmt":"2022-12-07T15:38:17","guid":{"rendered":"https:\/\/www.gruene-bag-verkehr.de\/?page_id=488"},"modified":"2023-04-11T19:00:39","modified_gmt":"2023-04-11T17:00:39","slug":"luftfahrt-drohnen","status":"publish","type":"page","link":"https:\/\/www.gruene-bag-verkehr.de\/?page_id=488","title":{"rendered":"Luftfahrt\/Drohnen"},"content":{"rendered":"\n<p>Zum Thema Luftfahrt\/Drohnen hat sich ein Arbeitskreis gebildet, hierf\u00fcr gibt es einen eigenen kleinen Mailverteiler. <\/p>\n\n\n\n<p><em>Start:<\/em> September 2022<\/p>\n\n\n\n<p><em>Ziel:<\/em> Formulierung von gr\u00fcnen Positionen f\u00fcr Bund, L\u00e4nder und Kommunen bez\u00fcglich bemannter, automatischer und autonomer Drohnen; Erkl\u00e4rung und Beeinflussung aktueller politischer Prozesse; Unterst\u00fctzung von Mandatstr\u00e4gerInnen.<\/p>\n\n\n\n<p><em>Themen, die bearbeitet werden:<\/em><\/p>\n\n\n\n<ul>\n<li>Erkl\u00e4rung aktueller technischer, politischer und rechtlicher Entwicklungen<\/li>\n\n\n\n<li>Positionsfindung f\u00fcr gr\u00fcne Grundsatz- und Wahlprogramme<\/li>\n\n\n\n<li>Beratung von Mandatstr\u00e4gerInnen<\/li>\n\n\n\n<li>Austausch der Interessierten und Betroffenen<\/li>\n<\/ul>\n\n\n\n<p><em>Arbeitsweise<\/em>: Ca. monatliches Online-Treffen mit Zeit f\u00fcr Informationsaustausch, informeller Austausch von e-mails. Im AK arbeiten Top-Fachleute aus dem Bereich Luftfahrt und Luftfahrtrecht mit.<\/p>\n\n\n\n<p><a href=\"https:\/\/www.gruene-bag-verkehr.de\/wp-content\/uploads\/2023\/04\/Statement-der-BAG-Mobilitaet-und-Verkehr-zu-Drohnen_30-Januar-2023.pdf\">Statement der BAG MoVe vom Januar 2023 zur Nutzung des unteren Luftraums<\/a>. <\/p>\n\n\n\n<p><em>Kontakt \u00fcber:<\/em> bag.verkehr (a) gruene.de<\/p>\n","protected":false},"excerpt":{"rendered":"<p>Zum Thema Luftfahrt\/Drohnen hat sich ein Arbeitskreis gebildet, hierf\u00fcr gibt es einen eigenen kleinen Mailverteiler. Start: September 2022 Ziel: Formulierung von gr\u00fcnen Positionen f\u00fcr Bund, L\u00e4nder und Kommunen bez\u00fcglich bemannter,&#8230; <\/p>\n","protected":false},"author":9,"featured_media":0,"parent":17,"menu_order":7,"comment_status":"closed","ping_status":"closed","template":"","meta":[],"_links":{"self":[{"href":"https:\/\/www.gruene-bag-verkehr.de\/index.php?rest_route=\/wp\/v2\/pages\/488"}],"collection":[{"href":"https:\/\/www.gruene-bag-verkehr.de\/index.php?rest_route=\/wp\/v2\/pages"}],"about":[{"href":"https:\/\/www.gruene-bag-verkehr.de\/index.php?rest_route=\/wp\/v2\/types\/page"}],"author":[{"embeddable":true,"href":"https:\/\/www.gruene-bag-verkehr.de\/index.php?rest_route=\/wp\/v2\/users\/9"}],"replies":[{"embeddable":true,"href":"https:\/\/www.gruene-bag-verkehr.de\/index.php?rest_route=%2Fwp%2Fv2%2Fcomments&post=488"}],"version-history":[{"count":8,"href":"https:\/\/www.gruene-bag-verkehr.de\/index.php?rest_route=\/wp\/v2\/pages\/488\/revisions"}],"predecessor-version":[{"id":642,"href":"https:\/\/www.gruene-bag-verkehr.de\/index.php?rest_route=\/wp\/v2\/pages\/488\/revisions\/642"}],"up":[{"embeddable":true,"href":"https:\/\/www.gruene-bag-verkehr.de\/index.php?rest_route=\/wp\/v2\/pages\/17"}],"wp:attachment":[{"href":"https:\/\/www.gruene-bag-verkehr.de\/index.php?rest_route=%2Fwp%2Fv2%2Fmedia&parent=488"}],"curies":[{"name":"wp","href":"https:\/\/api.w.org\/{rel}","templated":true}]}}

<p>Zum Thema Luftfahrt/Drohnen hat sich ein Arbeitskreis gebildet, hierfür gibt es einen eigenen kleinen Mailverteiler. </p>



<p><em>Start:</em> September 2022</p>



<p><em>Ziel:</em> Formulierung von grünen Positionen für Bund, Länder und Kommunen bezüglich bemannter, automatischer und autonomer Drohnen; Erklärung und Beeinflussung aktueller politischer Prozesse; Unterstützung von MandatsträgerInnen.</p>



<p><em>Themen, die bearbeitet werden:</em></p>



<ul>
<li>Erklärung aktueller technischer, politischer und rechtlicher Entwicklungen</li>



<li>Positionsfindung für grüne Grundsatz- und Wahlprogramme</li>



<li>Beratung von MandatsträgerInnen</li>



<li>Austausch der Interessierten und Betroffenen</li>
</ul>



<p><em>Arbeitsweise</em>: Ca. monatliches Online-Treffen mit Zeit für Informationsaustausch, informeller Austausch von e-mails. Im AK arbeiten Top-Fachleute aus dem Bereich Luftfahrt und Luftfahrtrecht mit.</p>



<p><a href="https://www.gruene-bag-verkehr.de/wp-content/uploads/2023/04/Statement-der-BAG-Mobilitaet-und-Verkehr-zu-Drohnen_30-Januar-2023.pdf">Statement der BAG MoVe vom Januar 2023 zur Nutzung des unteren Luftraums</a>. </p>



<p><em>Kontakt über:</em> bag.verkehr (a) gruene.de</p>

<p>Zum Thema Luftfahrt/Drohnen hat sich ein Arbeitskreis gebildet, hierfür gibt es einen eigenen kleinen Mailverteiler. Start: September 2022 Ziel: Formulierung von grünen Positionen für Bund, Länder und Kommunen bezüglich bemannter,&#8230; </p>
