{"id":493,"date":"2022-12-07T16:40:43","date_gmt":"2022-12-07T15:40:43","guid":{"rendered":"https:\/\/www.gruene-bag-verkehr.de\/?page_id=493"},"modified":"2022-12-07T16:59:12","modified_gmt":"2022-12-07T15:59:12","slug":"haefen-und-schifffahrt","status":"publish","type":"page","link":"https:\/\/www.gruene-bag-verkehr.de\/?page_id=493","title":{"rendered":"H\u00e4fen und Schifffahrt"},"content":{"rendered":"\n<p>Seit 2021 nehmen Delegierte der LAGs (Landesarbeitsgemeinschaften) H\u00e4fen und Schifffahrt (Bremen), sowie H\u00e4fen, Schifffahrt und K\u00fcstenschutz (Niedersachsen) beratend an unseren Sitzungen teil. Eine entsprechende LAG f\u00fcr Schleswig-Holstein und Mecklenburg-Vorpommern gibt es derzeit nicht, allerdings sind die Nordl\u00e4nder bei diesem Thema vernetzt. Der Kontakt kann \u00fcber unser Team erfragt werden. Mehr Informationen sowie abgestimmte Beschl\u00fcsse und Positionen zu diesem Themenbereich finden sich unter <a href=\"https:\/\/www.gruene-bag-verkehr.de\/?page_id=451\" data-type=\"URL\" data-id=\"https:\/\/www.gruene-bag-verkehr.de\/?page_id=451\">Dokumente<\/a>, vor allem in der Ideensammlung <a href=\"https:\/\/www.gruene-bag-verkehr.de\/wp-content\/uploads\/2021\/02\/Ideensammlung-BAG-MoVe-BTW2021.pdf\" data-type=\"URL\" data-id=\"https:\/\/www.gruene-bag-verkehr.de\/wp-content\/uploads\/2021\/02\/Ideensammlung-BAG-MoVe-BTW2021.pdf\">zur Bundestagswahl<\/a>.   <\/p>\n","protected":false},"excerpt":{"rendered":"<p>Seit 2021 nehmen Delegierte der LAGs (Landesarbeitsgemeinschaften) H\u00e4fen und Schifffahrt (Bremen), sowie H\u00e4fen, Schifffahrt und K\u00fcstenschutz (Niedersachsen) beratend an unseren Sitzungen teil. Eine entsprechende LAG f\u00fcr Schleswig-Holstein und Mecklenburg-Vorpommern gibt&#8230; <\/p>\n","protected":false},"author":9,"featured_media":0,"parent":17,"menu_order":6,"comment_status":"closed","ping_status":"closed","template":"","meta":[],"_links":{"self":[{"href":"https:\/\/www.gruene-bag-verkehr.de\/index.php?rest_route=\/wp\/v2\/pages\/493"}],"collection":[{"href":"https:\/\/www.gruene-bag-verkehr.de\/index.php?rest_route=\/wp\/v2\/pages"}],"about":[{"href":"https:\/\/www.gruene-bag-verkehr.de\/index.php?rest_route=\/wp\/v2\/types\/page"}],"author":[{"embeddable":true,"href":"https:\/\/www.gruene-bag-verkehr.de\/index.php?rest_route=\/wp\/v2\/users\/9"}],"replies":[{"embeddable":true,"href":"https:\/\/www.gruene-bag-verkehr.de\/index.php?rest_route=%2Fwp%2Fv2%2Fcomments&post=493"}],"version-history":[{"count":7,"href":"https:\/\/www.gruene-bag-verkehr.de\/index.php?rest_route=\/wp\/v2\/pages\/493\/revisions"}],"predecessor-version":[{"id":511,"href":"https:\/\/www.gruene-bag-verkehr.de\/index.php?rest_route=\/wp\/v2\/pages\/493\/revisions\/511"}],"up":[{"embeddable":true,"href":"https:\/\/www.gruene-bag-verkehr.de\/index.php?rest_route=\/wp\/v2\/pages\/17"}],"wp:attachment":[{"href":"https:\/\/www.gruene-bag-verkehr.de\/index.php?rest_route=%2Fwp%2Fv2%2Fmedia&parent=493"}],"curies":[{"name":"wp","href":"https:\/\/api.w.org\/{rel}","templated":true}]}}

Häfen und Schifffahrt

<p>Seit 2021 nehmen Delegierte der LAGs (Landesarbeitsgemeinschaften) Häfen und Schifffahrt (Bremen), sowie Häfen, Schifffahrt und Küstenschutz (Niedersachsen) beratend an unseren Sitzungen teil. Eine entsprechende LAG für Schleswig-Holstein und Mecklenburg-Vorpommern gibt es derzeit nicht, allerdings sind die Nordländer bei diesem Thema vernetzt. Der Kontakt kann über unser Team erfragt werden. Mehr Informationen sowie abgestimmte Beschlüsse und Positionen zu diesem Themenbereich finden sich unter <a href="https://www.gruene-bag-verkehr.de/?page_id=451" data-type="URL" data-id="https://www.gruene-bag-verkehr.de/?page_id=451">Dokumente</a>, vor allem in der Ideensammlung <a href="https://www.gruene-bag-verkehr.de/wp-content/uploads/2021/02/Ideensammlung-BAG-MoVe-BTW2021.pdf" data-type="URL" data-id="https://www.gruene-bag-verkehr.de/wp-content/uploads/2021/02/Ideensammlung-BAG-MoVe-BTW2021.pdf">zur Bundestagswahl</a>.   </p>

<p>Seit 2021 nehmen Delegierte der LAGs (Landesarbeitsgemeinschaften) Häfen und Schifffahrt (Bremen), sowie Häfen, Schifffahrt und Küstenschutz (Niedersachsen) beratend an unseren Sitzungen teil. Eine entsprechende LAG für Schleswig-Holstein und Mecklenburg-Vorpommern gibt&#8230; </p>
