{"id":500,"date":"2022-12-07T16:47:28","date_gmt":"2022-12-07T15:47:28","guid":{"rendered":"https:\/\/www.gruene-bag-verkehr.de\/?page_id=500"},"modified":"2022-12-07T16:58:29","modified_gmt":"2022-12-07T15:58:29","slug":"aktive-mobilitaet","status":"publish","type":"page","link":"https:\/\/www.gruene-bag-verkehr.de\/?page_id=500","title":{"rendered":"Aktive Mobilit\u00e4t"},"content":{"rendered":"\n<p>Rad- und Fu\u00dfverkehr sowie weitere Aspekte der aktiven Mobilit\u00e4t spielen eine gro\u00dfe Rolle in den Diskussionen unserer BAG. Wir versuchen uns mit der Zivilgesellschaft, Initiativen und Verb\u00e4nden aus diesem Bereich zu vernetzen und den Stellenwert der aktiven Mobilit\u00e4t weiter zu erh\u00f6hen. <\/p>\n\n\n\n<p>Mehr Informationen sowie abgestimmte Beschl\u00fcsse und Positionen zu diesem Themenbereich finden sich unter <a href=\"https:\/\/www.gruene-bag-verkehr.de\/?page_id=451\" data-type=\"URL\" data-id=\"https:\/\/www.gruene-bag-verkehr.de\/?page_id=451\">Dokumente<\/a>, vor allem in der Ideensammlung <a href=\"https:\/\/www.gruene-bag-verkehr.de\/wp-content\/uploads\/2021\/02\/Ideensammlung-BAG-MoVe-BTW2021.pdf\" data-type=\"URL\" data-id=\"https:\/\/www.gruene-bag-verkehr.de\/wp-content\/uploads\/2021\/02\/Ideensammlung-BAG-MoVe-BTW2021.pdf\">zur Bundestagswahl<\/a>.   <\/p>\n","protected":false},"excerpt":{"rendered":"<p>Rad- und Fu\u00dfverkehr sowie weitere Aspekte der aktiven Mobilit\u00e4t spielen eine gro\u00dfe Rolle in den Diskussionen unserer BAG. Wir versuchen uns mit der Zivilgesellschaft, Initiativen und Verb\u00e4nden aus diesem Bereich&#8230; <\/p>\n","protected":false},"author":9,"featured_media":0,"parent":17,"menu_order":3,"comment_status":"closed","ping_status":"closed","template":"","meta":[],"_links":{"self":[{"href":"https:\/\/www.gruene-bag-verkehr.de\/index.php?rest_route=\/wp\/v2\/pages\/500"}],"collection":[{"href":"https:\/\/www.gruene-bag-verkehr.de\/index.php?rest_route=\/wp\/v2\/pages"}],"about":[{"href":"https:\/\/www.gruene-bag-verkehr.de\/index.php?rest_route=\/wp\/v2\/types\/page"}],"author":[{"embeddable":true,"href":"https:\/\/www.gruene-bag-verkehr.de\/index.php?rest_route=\/wp\/v2\/users\/9"}],"replies":[{"embeddable":true,"href":"https:\/\/www.gruene-bag-verkehr.de\/index.php?rest_route=%2Fwp%2Fv2%2Fcomments&post=500"}],"version-history":[{"count":3,"href":"https:\/\/www.gruene-bag-verkehr.de\/index.php?rest_route=\/wp\/v2\/pages\/500\/revisions"}],"predecessor-version":[{"id":510,"href":"https:\/\/www.gruene-bag-verkehr.de\/index.php?rest_route=\/wp\/v2\/pages\/500\/revisions\/510"}],"up":[{"embeddable":true,"href":"https:\/\/www.gruene-bag-verkehr.de\/index.php?rest_route=\/wp\/v2\/pages\/17"}],"wp:attachment":[{"href":"https:\/\/www.gruene-bag-verkehr.de\/index.php?rest_route=%2Fwp%2Fv2%2Fmedia&parent=500"}],"curies":[{"name":"wp","href":"https:\/\/api.w.org\/{rel}","templated":true}]}}

Aktive Mobilität

<p>Rad- und Fußverkehr sowie weitere Aspekte der aktiven Mobilität spielen eine große Rolle in den Diskussionen unserer BAG. Wir versuchen uns mit der Zivilgesellschaft, Initiativen und Verbänden aus diesem Bereich zu vernetzen und den Stellenwert der aktiven Mobilität weiter zu erhöhen. </p>



<p>Mehr Informationen sowie abgestimmte Beschlüsse und Positionen zu diesem Themenbereich finden sich unter <a href="https://www.gruene-bag-verkehr.de/?page_id=451" data-type="URL" data-id="https://www.gruene-bag-verkehr.de/?page_id=451">Dokumente</a>, vor allem in der Ideensammlung <a href="https://www.gruene-bag-verkehr.de/wp-content/uploads/2021/02/Ideensammlung-BAG-MoVe-BTW2021.pdf" data-type="URL" data-id="https://www.gruene-bag-verkehr.de/wp-content/uploads/2021/02/Ideensammlung-BAG-MoVe-BTW2021.pdf">zur Bundestagswahl</a>.   </p>

<p>Rad- und Fußverkehr sowie weitere Aspekte der aktiven Mobilität spielen eine große Rolle in den Diskussionen unserer BAG. Wir versuchen uns mit der Zivilgesellschaft, Initiativen und Verbänden aus diesem Bereich&#8230; </p>
