{"id":73,"date":"2019-02-23T21:11:01","date_gmt":"2019-02-23T20:11:01","guid":{"rendered":"http:\/\/www.gruene-bag-verkehr.de\/?page_id=73"},"modified":"2025-11-26T19:16:18","modified_gmt":"2025-11-26T18:16:18","slug":"unser-sprecherinnen-team","status":"publish","type":"page","link":"https:\/\/www.gruene-bag-verkehr.de\/?page_id=73","title":{"rendered":"Unser Sprecher*innen-Team"},"content":{"rendered":"\n<p><\/p>\n\n\n\n<p><\/p>\n\n\n\n<figure class=\"wp-block-image size-large\"><img decoding=\"async\" loading=\"lazy\" width=\"800\" height=\"600\" src=\"https:\/\/www.gruene-bag-verkehr.de\/wp-content\/uploads\/2025\/11\/20251025_133532-800x600.jpg\" alt=\"\" class=\"wp-image-855\" srcset=\"https:\/\/www.gruene-bag-verkehr.de\/wp-content\/uploads\/2025\/11\/20251025_133532-800x600.jpg 800w, https:\/\/www.gruene-bag-verkehr.de\/wp-content\/uploads\/2025\/11\/20251025_133532-400x300.jpg 400w, https:\/\/www.gruene-bag-verkehr.de\/wp-content\/uploads\/2025\/11\/20251025_133532-768x576.jpg 768w, https:\/\/www.gruene-bag-verkehr.de\/wp-content\/uploads\/2025\/11\/20251025_133532-1536x1152.jpg 1536w, https:\/\/www.gruene-bag-verkehr.de\/wp-content\/uploads\/2025\/11\/20251025_133532-2048x1536.jpg 2048w, https:\/\/www.gruene-bag-verkehr.de\/wp-content\/uploads\/2025\/11\/20251025_133532-150x113.jpg 150w\" sizes=\"(max-width: 800px) 100vw, 800px\" \/><\/figure>\n\n\n\n<p>Daniel, Simone, Maya, Monika, Susanne und Niklas (v.l.n.r).<\/p>\n\n\n\n<p class=\"has-large-font-size\">Unsere Sprecher*innen<\/p>\n\n\n\n<p><\/p>\n\n\n\n<p><\/p>\n\n\n\n<p><\/p>\n\n\n\n<p><\/p>\n\n\n\n<div class=\"wp-block-media-text alignwide is-stacked-on-mobile\"><figure class=\"wp-block-media-text__media\"><img decoding=\"async\" loading=\"lazy\" width=\"800\" height=\"534\" src=\"https:\/\/www.gruene-bag-verkehr.de\/wp-content\/uploads\/2025\/11\/20180417-IE-2-800x534.jpg\" alt=\"\" class=\"wp-image-856 size-full\" srcset=\"https:\/\/www.gruene-bag-verkehr.de\/wp-content\/uploads\/2025\/11\/20180417-IE-2-800x534.jpg 800w, https:\/\/www.gruene-bag-verkehr.de\/wp-content\/uploads\/2025\/11\/20180417-IE-2-400x267.jpg 400w, https:\/\/www.gruene-bag-verkehr.de\/wp-content\/uploads\/2025\/11\/20180417-IE-2-768x513.jpg 768w, https:\/\/www.gruene-bag-verkehr.de\/wp-content\/uploads\/2025\/11\/20180417-IE-2-1536x1025.jpg 1536w, https:\/\/www.gruene-bag-verkehr.de\/wp-content\/uploads\/2025\/11\/20180417-IE-2-2048x1367.jpg 2048w, https:\/\/www.gruene-bag-verkehr.de\/wp-content\/uploads\/2025\/11\/20180417-IE-2-150x100.jpg 150w\" sizes=\"(max-width: 800px) 100vw, 800px\" \/><\/figure><div class=\"wp-block-media-text__content\">\n<p><strong>Susanne Menge<\/strong><\/p>\n\n\n\n<p>Erfahrungen: Nieders\u00e4chsischer Landtag (verkehrspolitische Sprecherin), Deutscher Bundestag (Obfrau Verkehrsausschuss), Stadtrat Oldenburg. Noch bin ich Mitglied des Aufsichtsrats der Autobahn GmbH und habe in der Regierungszeit unter SPD\/Gr\u00fcnen und FDP erreicht, dass die Autobahn GmbH die Sanierung und der Erhalt unserer Br\u00fccken und der Infrastruktur endlich an erste Stelle ger\u00fcckt hat. Bis heute halte ich am verkehrspolitischen Ziel eines Bundesmobilit\u00e4tsplans fest, der den v\u00f6llig aus der Zeit gefallenen Wahnsinns-Neubaukatalog, genannt Bundesverkehrswegeplan, abl\u00f6sen muss. Mein Motto: \u201eMehr Mobilit\u00e4t mit weniger Verkehr.\u201c<\/p>\n<\/div><\/div>\n\n\n\n<div class=\"wp-block-media-text alignwide is-stacked-on-mobile is-vertically-aligned-top\"><figure class=\"wp-block-media-text__media\"><img decoding=\"async\" loading=\"lazy\" width=\"800\" height=\"468\" src=\"https:\/\/www.gruene-bag-verkehr.de\/wp-content\/uploads\/2025\/11\/2-800x468.jpg\" alt=\"\" class=\"wp-image-857 size-full\" srcset=\"https:\/\/www.gruene-bag-verkehr.de\/wp-content\/uploads\/2025\/11\/2-800x468.jpg 800w, https:\/\/www.gruene-bag-verkehr.de\/wp-content\/uploads\/2025\/11\/2-400x234.jpg 400w, https:\/\/www.gruene-bag-verkehr.de\/wp-content\/uploads\/2025\/11\/2-768x449.jpg 768w, https:\/\/www.gruene-bag-verkehr.de\/wp-content\/uploads\/2025\/11\/2-1536x899.jpg 1536w, https:\/\/www.gruene-bag-verkehr.de\/wp-content\/uploads\/2025\/11\/2-2048x1199.jpg 2048w, https:\/\/www.gruene-bag-verkehr.de\/wp-content\/uploads\/2025\/11\/2-150x88.jpg 150w\" sizes=\"(max-width: 800px) 100vw, 800px\" \/><\/figure><div class=\"wp-block-media-text__content\">\n<p><strong>Simone Stolz<\/strong><\/p>\n\n\n\n<p>42 Jahre alt und wohnhaft nahe Gie\u00dfen.<\/p>\n\n\n\n<p>Beruf: Diplom Mathematikerin.<\/p>\n\n\n\n<p>Seit 2022 im Sprecher*innen-Team der BAG Mobilit\u00e4t &amp; Verkehr.<\/p>\n\n\n\n<p>Mitglied von B\u00fcndnis 90\/Die Gr\u00fcnen seit 2021.<\/p>\n\n\n\n<p>Ich engagiere mich in der BAG f\u00fcr eine sozial gerechte, klimafreundliche, feministische und zukunftsf\u00e4hige Verkehrspolitik. Menschen ohne F\u00fchrerschein und grunds\u00e4tzlich einfach alle, die sich jetzt schon f\u00fcr eine nachhaltigere Mobilit\u00e4t entscheiden, wollen wir bei der Mobilit\u00e4tsplanung einschlie\u00dfen.<\/p>\n\n\n\n<p>Kontakt: <br>simone.stolz (a) gruene-lahnau.de<br><\/p>\n<\/div><\/div>\n\n\n\n<p>   <\/p>\n\n\n\n<p>   <\/p>\n\n\n\n<p><\/p>\n\n\n\n<p><strong>Unsere stellvertretenden Sprecher*innen<\/strong><\/p>\n\n\n\n<p>Die Sprecher*innen werden von folgendem Team vertreten und unterst\u00fctzt:<\/p>\n\n\n\n<ul>\n<li>Monika Zimmermann (internationale\u00a0Expertin\u00a0f\u00fcr\u00a0kommunale Nachhaltigkeit, Baden-W\u00fcrttemberg)<\/li>\n\n\n\n<li>Daniel Jochum (Berlin)<\/li>\n\n\n\n<li>Maya Tischler (Vorpommern-R\u00fcgen)<\/li>\n\n\n\n<li>Niklas Sieber (Stuttgart)<\/li>\n<\/ul>\n\n\n\n<p><\/p>\n","protected":false},"excerpt":{"rendered":"<p>Daniel, Simone, Maya, Monika, Susanne und Niklas (v.l.n.r). Unsere Sprecher*innen Susanne Menge Erfahrungen: Nieders\u00e4chsischer Landtag (verkehrspolitische Sprecherin), Deutscher Bundestag (Obfrau Verkehrsausschuss), Stadtrat Oldenburg. Noch bin ich Mitglied des Aufsichtsrats der&#8230; <\/p>\n","protected":false},"author":9,"featured_media":0,"parent":15,"menu_order":0,"comment_status":"closed","ping_status":"closed","template":"","meta":[],"_links":{"self":[{"href":"https:\/\/www.gruene-bag-verkehr.de\/index.php?rest_route=\/wp\/v2\/pages\/73"}],"collection":[{"href":"https:\/\/www.gruene-bag-verkehr.de\/index.php?rest_route=\/wp\/v2\/pages"}],"about":[{"href":"https:\/\/www.gruene-bag-verkehr.de\/index.php?rest_route=\/wp\/v2\/types\/page"}],"author":[{"embeddable":true,"href":"https:\/\/www.gruene-bag-verkehr.de\/index.php?rest_route=\/wp\/v2\/users\/9"}],"replies":[{"embeddable":true,"href":"https:\/\/www.gruene-bag-verkehr.de\/index.php?rest_route=%2Fwp%2Fv2%2Fcomments&post=73"}],"version-history":[{"count":58,"href":"https:\/\/www.gruene-bag-verkehr.de\/index.php?rest_route=\/wp\/v2\/pages\/73\/revisions"}],"predecessor-version":[{"id":860,"href":"https:\/\/www.gruene-bag-verkehr.de\/index.php?rest_route=\/wp\/v2\/pages\/73\/revisions\/860"}],"up":[{"embeddable":true,"href":"https:\/\/www.gruene-bag-verkehr.de\/index.php?rest_route=\/wp\/v2\/pages\/15"}],"wp:attachment":[{"href":"https:\/\/www.gruene-bag-verkehr.de\/index.php?rest_route=%2Fwp%2Fv2%2Fmedia&parent=73"}],"curies":[{"name":"wp","href":"https:\/\/api.w.org\/{rel}","templated":true}]}}

<p></p>



<p></p>



<figure class="wp-block-image size-large"><img decoding="async" loading="lazy" width="800" height="600" src="https://www.gruene-bag-verkehr.de/wp-content/uploads/2025/11/20251025_133532-800x600.jpg" alt="" class="wp-image-855" srcset="https://www.gruene-bag-verkehr.de/wp-content/uploads/2025/11/20251025_133532-800x600.jpg 800w, https://www.gruene-bag-verkehr.de/wp-content/uploads/2025/11/20251025_133532-400x300.jpg 400w, https://www.gruene-bag-verkehr.de/wp-content/uploads/2025/11/20251025_133532-768x576.jpg 768w, https://www.gruene-bag-verkehr.de/wp-content/uploads/2025/11/20251025_133532-1536x1152.jpg 1536w, https://www.gruene-bag-verkehr.de/wp-content/uploads/2025/11/20251025_133532-2048x1536.jpg 2048w, https://www.gruene-bag-verkehr.de/wp-content/uploads/2025/11/20251025_133532-150x113.jpg 150w" sizes="(max-width: 800px) 100vw, 800px" /></figure>



<p>Daniel, Simone, Maya, Monika, Susanne und Niklas (v.l.n.r).</p>



<p class="has-large-font-size">Unsere Sprecher*innen</p>



<p></p>



<p></p>



<p></p>



<p></p>



<div class="wp-block-media-text alignwide is-stacked-on-mobile"><figure class="wp-block-media-text__media"><img decoding="async" loading="lazy" width="800" height="534" src="https://www.gruene-bag-verkehr.de/wp-content/uploads/2025/11/20180417-IE-2-800x534.jpg" alt="" class="wp-image-856 size-full" srcset="https://www.gruene-bag-verkehr.de/wp-content/uploads/2025/11/20180417-IE-2-800x534.jpg 800w, https://www.gruene-bag-verkehr.de/wp-content/uploads/2025/11/20180417-IE-2-400x267.jpg 400w, https://www.gruene-bag-verkehr.de/wp-content/uploads/2025/11/20180417-IE-2-768x513.jpg 768w, https://www.gruene-bag-verkehr.de/wp-content/uploads/2025/11/20180417-IE-2-1536x1025.jpg 1536w, https://www.gruene-bag-verkehr.de/wp-content/uploads/2025/11/20180417-IE-2-2048x1367.jpg 2048w, https://www.gruene-bag-verkehr.de/wp-content/uploads/2025/11/20180417-IE-2-150x100.jpg 150w" sizes="(max-width: 800px) 100vw, 800px" /></figure><div class="wp-block-media-text__content">
<p><strong>Susanne Menge</strong></p>



<p>Erfahrungen: Niedersächsischer Landtag (verkehrspolitische Sprecherin), Deutscher Bundestag (Obfrau Verkehrsausschuss), Stadtrat Oldenburg. Noch bin ich Mitglied des Aufsichtsrats der Autobahn GmbH und habe in der Regierungszeit unter SPD/Grünen und FDP erreicht, dass die Autobahn GmbH die Sanierung und der Erhalt unserer Brücken und der Infrastruktur endlich an erste Stelle gerückt hat. Bis heute halte ich am verkehrspolitischen Ziel eines Bundesmobilitätsplans fest, der den völlig aus der Zeit gefallenen Wahnsinns-Neubaukatalog, genannt Bundesverkehrswegeplan, ablösen muss. Mein Motto: „Mehr Mobilität mit weniger Verkehr.“</p>
</div></div>



<div class="wp-block-media-text alignwide is-stacked-on-mobile is-vertically-aligned-top"><figure class="wp-block-media-text__media"><img decoding="async" loading="lazy" width="800" height="468" src="https://www.gruene-bag-verkehr.de/wp-content/uploads/2025/11/2-800x468.jpg" alt="" class="wp-image-857 size-full" srcset="https://www.gruene-bag-verkehr.de/wp-content/uploads/2025/11/2-800x468.jpg 800w, https://www.gruene-bag-verkehr.de/wp-content/uploads/2025/11/2-400x234.jpg 400w, https://www.gruene-bag-verkehr.de/wp-content/uploads/2025/11/2-768x449.jpg 768w, https://www.gruene-bag-verkehr.de/wp-content/uploads/2025/11/2-1536x899.jpg 1536w, https://www.gruene-bag-verkehr.de/wp-content/uploads/2025/11/2-2048x1199.jpg 2048w, https://www.gruene-bag-verkehr.de/wp-content/uploads/2025/11/2-150x88.jpg 150w" sizes="(max-width: 800px) 100vw, 800px" /></figure><div class="wp-block-media-text__content">
<p><strong>Simone Stolz</strong></p>



<p>42 Jahre alt und wohnhaft nahe Gießen.</p>



<p>Beruf: Diplom Mathematikerin.</p>



<p>Seit 2022 im Sprecher*innen-Team der BAG Mobilität &amp; Verkehr.</p>



<p>Mitglied von Bündnis 90/Die Grünen seit 2021.</p>



<p>Ich engagiere mich in der BAG für eine sozial gerechte, klimafreundliche, feministische und zukunftsfähige Verkehrspolitik. Menschen ohne Führerschein und grundsätzlich einfach alle, die sich jetzt schon für eine nachhaltigere Mobilität entscheiden, wollen wir bei der Mobilitätsplanung einschließen.</p>



<p>Kontakt: <br>simone.stolz (a) gruene-lahnau.de<br></p>
</div></div>



<p>   </p>



<p>   </p>



<p></p>



<p><strong>Unsere stellvertretenden Sprecher*innen</strong></p>



<p>Die Sprecher*innen werden von folgendem Team vertreten und unterstützt:</p>



<ul>
<li>Monika Zimmermann (internationale Expertin für kommunale Nachhaltigkeit, Baden-Württemberg)</li>



<li>Daniel Jochum (Berlin)</li>



<li>Maya Tischler (Vorpommern-Rügen)</li>



<li>Niklas Sieber (Stuttgart)</li>
</ul>



<p></p>

<p>Daniel, Simone, Maya, Monika, Susanne und Niklas (v.l.n.r). Unsere Sprecher*innen Susanne Menge Erfahrungen: Niedersächsischer Landtag (verkehrspolitische Sprecherin), Deutscher Bundestag (Obfrau Verkehrsausschuss), Stadtrat Oldenburg. Noch bin ich Mitglied des Aufsichtsrats der&#8230; </p>
